s divided by j?
11
Suppose 22*r - 17*r + 30 = 0. What is the remainder when 222/(-8)*(-10 - r) is divided by 38?
35
Suppose 0 = -31*x - 14*x. Suppose p = -5*j + 20, -2*j + 2*p = -0*j + 4. Suppose -j*y = -132 - x. What is the remainder when y is divided by 15?
14
Let t = 33 - -213. What is the remainder when t is divided by 32?
22
Suppose -13*p = 12*p + 375. Calculate the remainder when 129 is divided by (-4 - -1)/(9/p).
4
Suppose 4*v = -437 + 1313. Suppose c - 47 = v. Suppose -c = -4*j + 174. What is the remainder when j is divided by 28?
26
Let s = 1 + 53. Calculate the remainder when s is divided by (-12)/8*(-2280)/228.
9
Suppose -34497 = 13*h + h - 111903. Calculate the remainder when h is divided by 70.
69
Suppose -7*d = -10*d + 315. What is the remainder when 118 is divided by -32*d/28*(-4)/12?
38
Suppose 11*g - 94 - 91 = 827. What is the remainder when 20513 is divided by g?
89
Let g(f) = -f**2 + 17*f - 40. Let r be g(4). Suppose 1110 = r*y + 330. What is the remainder when y is divided by 6?
5
Let d(i) = -i**2 + 93*i - 308. Let z(l) = l**2 + l - 8. What is the remainder when z(15) is divided by d(89)?
40
Suppose -3*t - 2*b - 16 = 3*b, 5*b = 5*t - 40. Suppose 2*h + 89 = m, 3*m - 221 = t*h + 61. Calculate the remainder when m is divided by 15.
9
Let f = 1 - -1. Suppose 0 = -2*m - f*m + 4*o - 76, 0 = 4*m + o + 76. Let y = m + 42. Calculate the remainder when 68 is divided by y.
22
What is the remainder when 1/(8/104) - -98 is divided by 42?
27
Let g = 100 + -91. Let p = g - -47. What is the remainder when 70 is divided by 1/3 + 1/3*p?
13
Let l(w) = -w**3 + 6*w**2 - 12*w + 1. Let f be l(5). Let c = f + 37. Calculate the remainder when 14 is divided by c.
2
Calculate the remainder when 162 is divided by (112*(-38)/(-532))/(0 + (-1)/(-10)).
2
Suppose 10*s = 7*s + 1029. Let y = 7 + -7. Suppose y = 4*x + 107 - s. What is the remainder when x is divided by 15?
14
Calculate the remainder when 686/5 - (-24)/(-20) is divided by (((-57)/(-6) - -2) + 3)*2.
20
Suppose 4*l + 4*c - 7 = 25, 5*c = -3*l + 34. Suppose -12 = -3*q - l. Let k(o) = 2*o**2 - 5*o + 4. Calculate the remainder when 12 is divided by k(q).
5
Suppose 3*o + 12 = 6*o. Suppose r - 20 = k + 16, -2*k = o*r - 138. Let v = -1829 - -1841. What is the remainder when r is divided by v?
11
Suppose -1707*k = -1681*k - 11622. Calculate the remainder when k is divided by 226.
221
Let j(n) = -n**3 + 8*n**2 + 3*n - 13. Suppose 0 = -2*m + 2*s + 12 - 0, s + 22 = 3*m. Calculate the remainder when 31 is divided by j(m).
9
Let t(i) = -i**2 + 4*i. Let c be t(2). Suppose 2*j - 4*v - 12 = 0, -2*v = -c*j - 6*v + 72. Suppose 3*y - 664 = -y. What is the remainder when y is divided by j?
12
What is the remainder when 321 - 61 - (23 - 4) is divided by 59?
5
Let s(t) = -3*t**3 + 301*t**2 - 684*t - 184. Let j(n) = n**2 + 3*n - n**3 + n**2 + 3*n**2 + 3. Calculate the remainder when j(4) is divided by s(98).
7
Let f(c) = c**3 - 14*c**2 + 3*c - 38. Let d be f(14). Suppose 4*j - 516 = 4*q, -2*j + d*j - 258 = 5*q. Calculate the remainder when j is divided by 11.
8
Suppose 4*s + i - 865 = 0, -971 + 131 = -4*s + 4*i. What is the remainder when 865 is divided by s?
5
Suppose 0 = -3*m + 3, -p - 4*m = -5*m - 89. Suppose 4*d = 3*d - 14. What is the remainder when p is divided by ((-16)/28 - -1) + (-316)/d?
21
Let g(z) = z**3 + 38*z**2 + 164*z + 53. What is the remainder when g(-33) is divided by 44?
42
Let b(v) = 1197*v - 33. Calculate the remainder when b(1) is divided by 193.
6
Suppose n - 27*u + 29*u + 118356 = 0, 0 = -n + 4*u - 118368. Calculate the remainder when (-1)/(-4) + n/(-160) is divided by 93.
89
Suppose 8 = 4*d, 34*p - 33*p + 5*d - 26 = 0. Suppose -5*q = -2*o - 274, -q + 34 + 10 = 5*o. Calculate the remainder when q is divided by p.
6
Calculate the remainder when 56 + -1 - (33 - 37) is divided by 9.
5
Let o = 29698 + -12211. Calculate the remainder when o is divided by 106.
103
Suppose 16953*h + 1300 = 16966*h. Calculate the remainder when h is divided by 14.
2
Let i(p) = -2*p**3 - 8*p**2 + 5*p + 4. Let c be i(-8). What is the remainder when (-50)/4*23/((-805)/c) is divided by 86?
84
Let n(s) = 263*s**3 + s**2 - 6*s. Calculate the remainder when 1025 is divided by n(1).
251
Let o(t) = -t**3 - 39*t**2 + 61*t - 116. Calculate the remainder when o(-41) is divided by 22.
19
Suppose 100 = 10*l + 20. What is the remainder when l/((-8)/7)*-7 is divided by 5?
4
Let o(d) = 9*d - 14 + 2*d - 14 - 5*d**2 + 3*d**2. Let f be o(7). Let l = f - -115. What is the remainder when l is divided by 35?
31
Let b(x) = 10*x - 17*x**2 - x**2 + 23*x**2. Calculate the remainder when b(-3) is divided by 13.
2
Suppose -2*u - 18 = -3*z + u, z - 5*u = 6. Suppose -3*j - 2*x = -311, 4*x - 517 = -5*j + 2*x. Let g = -82 + j. What is the remainder when g is divided by z?
3
Let z = -2701 + 2716. Suppose s = 3*s - 4*b - 10, 3*b + 24 = 3*s. Calculate the remainder when z is divided by s.
4
Let f(c) = 14*c**2 - 29*c - 3267. Calculate the remainder when f(-57) is divided by 325.
322
Suppose -634 = 4*i + q, -112 = 3*i + 5*q + 372. Let l = 171 + i. Calculate the remainder when 137 is divided by l.
7
Let l(j) = -j**3 - 3*j**2 + 19*j + 3. Suppose -30*x + 120 - 30 = 0. What is the remainder when l(x) is divided by (3 + 1)*(-1)/(-1)?
2
Let r = 40124 - 39798. Calculate the remainder when r is divided by 211.
115
Suppose -15 = 117*i - 122*i. Suppose i*s = 4*b - 104, -4*b + 120 = -46*s + 47*s. Calculate the remainder when b is divided by 11.
7
Let p(k) = 4*k**2 + 29*k + 5. Let y(j) = -3*j**2 - 34*j - 5. Let m(x) = -5*p(x) - 6*y(x). What is the remainder when m(26) is divided by 43?
15
Let y = 23 + -22. Let b = y - 23. What is the remainder when 47 is divided by (20/(-8))/(-3 - b/8)?
7
Suppose -2*p = 3*i - 2*i - 1, 5*i - 35 = 5*p. Let u be p/2*(4 + -6) - -2. Suppose u*g = h + 50, -h + 2 = -0. What is the remainder when g is divided by 2?
1
Calculate the remainder when 526 is divided by ((-6372)/(-8))/9 + ((-77)/14)/11.
86
What is the remainder when -9 + 7579/117 + (16/(-18))/(-4) is divided by 22?
12
Let f be (-33)/(-22)*4/(-6). What is the remainder when 155 - (3 + (-2 - (0 + f))) is divided by 53?
47
Let b be (5 - 89/2)*(-10)/1. Let y = b - 391. What is the remainder when ((-1)/(-3))/((-1)/(-33)) is divided by y?
3
Let w(o) = -o**3 + 6*o**2 - 3*o - 2. Let g be w(5). Suppose g - 23 = -5*m. Suppose 30 = -m*t + 132. What is the remainder when 101 is divided by t?
33
Suppose 2*h = -4*t + 58, 0 = -7*h + 5*h + 3*t + 72. Calculate the remainder when 395 is divided by h.
32
Suppose -112*y = -70*y - 1218. Calculate the remainder when 818 is divided by y.
6
Let r(v) = -v**3 - 14*v**2 - 23*v + 24. Let t = 78 - 90. Calculate the remainder when 69 is divided by r(t).
9
Let w(r) = -19*r - 2175. What is the remainder when w(-142) is divided by 500?
23
Suppose 5*r = 4*z + 6792, 0 = 3*r + 5159*z - 5155*z - 4120. What is the remainder when r is divided by 438?
50
Suppose -3*b - a + 18 = 0, 5*a - 12 - 23 = -4*b. What is the remainder when b is divided by (-15)/(-28) - (-20)/(-70) - 855/(-228)?
1
Calculate the remainder when (-21682)/(-185)*20/(-7)*14/(-4) is divided by 106.
6
Suppose 166 = 16*d + 88 - 98. What is the remainder when 1465 is divided by d?
2
Suppose -4*z + 4 = -2*z, 4*y + 3*z - 990 = 0. Let b = 277795 - 277711. Calculate the remainder when y is divided by b.
78
Let r = -1767 + 1837. Calculate the remainder when 176 is divided by r.
36
Let q(i) = 2*i**3 - 71*i**2 + 37*i - 64. Let b be q(35). Suppose -109 = b*k - 283. What is the remainder when 287 is divided by k?
26
Let n be 6 - 3 - (-1 - -108)*4. Let x = n - -891. What is the remainder when 129 is divided by -2 - (-36)/21 - x/(-14)?
30
Let l = 76 - 74. Let w(i) = -414*i + 3. Let s be w(l). What is the remainder when (-13)/(65/s) + (-1)/(-1) is divided by 13?
10
Suppose -28 - 257 = -h. Suppose -h = -11*q - 120. What is the remainder when 36 is divided by q?
6
Let y = 20745 - 20352. What is the remainder when y is divided by 11?
8
Calculate the remainder when -2*99*(-2140)/120 is divided by 27.
21
Let v be -8*(-15)/84*665. Suppose -24*h + 5*h + v = 0. What is the remainder when 849 is divided by h?
49
Let c = -2990 + 3444. Calculate the remainder when c is divided by 51.
46
Let c be (200/150)/((-1182)/1179 - -1)